{"id":2150,"date":"2025-09-17T19:32:32","date_gmt":"2025-09-17T17:32:32","guid":{"rendered":"https:\/\/olrio.fr\/?page_id=2150"},"modified":"2026-02-01T18:46:58","modified_gmt":"2026-02-01T16:46:58","slug":"archives-site-2009-2010","status":"publish","type":"page","link":"https:\/\/enfantsdecholet.fr\/index.php\/archives-site-2009-2010\/","title":{"rendered":"Archives site 2009-2010"},"content":{"rendered":"\n<div class=\"wp-block-group is-nowrap is-layout-flex wp-container-core-group-is-layout-6c531013 wp-block-group-is-layout-flex\">\n<figure class=\"wp-block-image size-full\"><a href=\"https:\/\/enfantsdecholet.fr\/index.php\/archives-site-2010-2011\/\"><img loading=\"lazy\" decoding=\"async\" width=\"62\" height=\"45\" src=\"http:\/\/enfantsdecholet.fr\/wp-content\/uploads\/2026\/02\/fleche_precedent-e1769949002954.png\" alt=\"\" class=\"wp-image-2446\"\/><\/a><\/figure>\n\n\n\n<figure class=\"wp-block-image size-full\"><a href=\"https:\/\/enfantsdecholet.fr\/index.php\/archives-site-2008-2009\/\"><img loading=\"lazy\" decoding=\"async\" width=\"60\" height=\"45\" src=\"http:\/\/enfantsdecholet.fr\/wp-content\/uploads\/2026\/02\/fleche_suivant-e1769948804904.png\" alt=\"\" class=\"wp-image-2447\"\/><\/a><\/figure>\n<\/div>\n\n\n\n<div class=\"wp-block-columns has-background is-content-justification-center is-nowrap is-layout-flex wp-container-core-columns-is-layout-cf6fb8bb wp-block-columns-is-layout-flex\" style=\"border-bottom-color:var(--wp--preset--color--luminous-vivid-orange);border-left-color:var(--wp--preset--color--luminous-vivid-orange);background-color:#046bd133;margin-top:0;margin-bottom:var(--wp--preset--spacing--50)\">\n<div class=\"wp-block-column is-layout-flow wp-block-column-is-layout-flow\" style=\"padding-right:var(--wp--preset--spacing--40);padding-bottom:var(--wp--preset--spacing--40);padding-left:var(--wp--preset--spacing--40);flex-basis:100%\">\n<h2 class=\"wp-block-heading has-luminous-vivid-orange-color has-text-color has-link-color wp-elements-2c37e81eb0529627e6701a9d1992f185\" style=\"font-size:3vh\">Une nouvelle pr\u00e9sidence pour le club<\/h2>\n\n\n\n<p style=\"margin-top:1vh;margin-bottom:1vh;font-size:1.8vh\">Suite \u00e0 l&rsquo;assembl\u00e9e g\u00e9n\u00e9rale du Club du Mercredi 23 juin 2010 et \u00e0 la premi\u00e8re r\u00e9union du nouveau comit\u00e9 de direction, Patricia Giral a \u00e9t\u00e9 \u00e9lue pr\u00e9sidente des Enfants de Cholet.<\/p>\n\n\n\n<p style=\"margin-top:1vh;margin-bottom:1vh;font-size:1.8vh\">Elle succ\u00e8de \u00e0 Marie-No\u00eblle Menanteau qui, forte de son exp\u00e9rience, poursuivra son action au sein du club.<\/p>\n<\/div>\n<\/div>\n\n\n\n<div class=\"wp-block-columns has-background is-content-justification-center is-nowrap is-layout-flex wp-container-core-columns-is-layout-cf6fb8bb wp-block-columns-is-layout-flex\" style=\"border-bottom-color:var(--wp--preset--color--luminous-vivid-orange);border-left-color:var(--wp--preset--color--luminous-vivid-orange);background-color:#046bd133;margin-top:0;margin-bottom:var(--wp--preset--spacing--50)\">\n<div class=\"wp-block-column is-layout-flow wp-block-column-is-layout-flow\" style=\"padding-right:var(--wp--preset--spacing--40);padding-bottom:var(--wp--preset--spacing--40);padding-left:var(--wp--preset--spacing--40);flex-basis:65%\">\n<h2 class=\"wp-block-heading has-luminous-vivid-orange-color has-text-color has-link-color wp-elements-fe3b25650810fb593e38e33782cba986\" style=\"font-size:3vh\">Championnats de France par \u00e9quipe<\/h2>\n\n\n\n<p style=\"margin-top:1vh;margin-bottom:1vh;font-size:1.8vh\">C\u2019est \u00e0 Ch\u00e2lons-en-Champagne les 4,5 et 6 juin, que se sont d\u00e9roul\u00e9s les Championnats de France par \u00e9quipe des divisions nationales et crit\u00e9rium. Cl\u00e9mence, Flora, Orlane, Romane et Susie prennent la 4\u00e8me place en DC2. Am\u00e9lie, Chlo\u00e9, Coralie, Ma\u00eblane, M\u00e9lanie et Pauline finissent 5\u00e8me en DN4.<\/p>\n\n\n\n<p style=\"margin-top:1vh;margin-bottom:1vh;font-size:1.8vh\">Bravo \u00e0 toutes pour leurs belles prestations.<\/p>\n<\/div>\n\n\n\n<div class=\"wp-block-column is-vertically-aligned-center is-layout-flow wp-block-column-is-layout-flow\" style=\"flex-basis:35%\">\n<figure class=\"wp-block-image aligncenter size-full\"><img loading=\"lazy\" decoding=\"async\" width=\"248\" height=\"166\" src=\"http:\/\/enfantsdecholet.fr\/wp-content\/uploads\/2025\/09\/archives_club_2009_2010_1.png\" alt=\"\" class=\"wp-image-2152\"\/><\/figure>\n<\/div>\n<\/div>\n\n\n\n<div class=\"wp-block-columns has-background is-content-justification-center is-nowrap is-layout-flex wp-container-core-columns-is-layout-cf6fb8bb wp-block-columns-is-layout-flex\" style=\"border-bottom-color:var(--wp--preset--color--luminous-vivid-orange);border-left-color:var(--wp--preset--color--luminous-vivid-orange);background-color:#046bd133;margin-top:0;margin-bottom:var(--wp--preset--spacing--50)\">\n<div class=\"wp-block-column is-layout-flow wp-block-column-is-layout-flow\" style=\"padding-right:var(--wp--preset--spacing--40);padding-bottom:var(--wp--preset--spacing--40);padding-left:var(--wp--preset--spacing--40);flex-basis:65%\">\n<h2 class=\"wp-block-heading has-luminous-vivid-orange-color has-text-color has-link-color wp-elements-e1ba73efa04fa7bfc3eab049f22621b6\" style=\"font-size:3vh\">Vice-championne de France<\/h2>\n\n\n\n<p style=\"margin-top:1vh;margin-bottom:1vh;font-size:1.8vh\">Lors des Championnats de France individuels de Gymnastique Artistique \u00e0 Oyonnax, Am\u00e9lie est mont\u00e9e sur le podium pour la deuxi\u00e8me ann\u00e9e cons\u00e9cutive. Elle est vice-championne de France de nationale B 15 ans.<\/p>\n\n\n\n<p style=\"margin-top:1vh;margin-bottom:1vh;font-size:1.8vh\">Dans la m\u00eame cat\u00e9gorie, Coralie est 9<sup>\u00e8me<\/sup>, Ma\u00eblane 12<sup>\u00e8me<\/sup>. Chlo\u00e9 termine 8<sup>\u00e8me<\/sup> en nationale B 14 ans tandis que M\u00e9lanie et Pauline sont respectivement 12<sup>\u00e8me<\/sup> et 14<sup>\u00e8me<\/sup> en nationale B 17 ans.<\/p>\n\n\n\n<p style=\"margin-top:1vh;margin-bottom:1vh;font-size:1.8vh\">F\u00e9licitations \u00e0 toutes ces gymnastes et leurs entra\u00eeneurs Ani et El\u00e9na.<\/p>\n<\/div>\n\n\n\n<div class=\"wp-block-column is-vertically-aligned-center is-layout-flow wp-block-column-is-layout-flow\" style=\"flex-basis:35%\">\n<figure class=\"wp-block-image aligncenter size-full\"><img loading=\"lazy\" decoding=\"async\" width=\"205\" height=\"170\" src=\"http:\/\/enfantsdecholet.fr\/wp-content\/uploads\/2025\/09\/archives_club_2009_2010_2.png\" alt=\"\" class=\"wp-image-2153\"\/><\/figure>\n<\/div>\n<\/div>\n\n\n\n<div class=\"wp-block-columns has-background is-content-justification-center is-nowrap is-layout-flex wp-container-core-columns-is-layout-cf6fb8bb wp-block-columns-is-layout-flex\" style=\"border-bottom-color:var(--wp--preset--color--luminous-vivid-orange);border-left-color:var(--wp--preset--color--luminous-vivid-orange);background-color:#046bd133;margin-top:0;margin-bottom:var(--wp--preset--spacing--50)\">\n<div class=\"wp-block-column is-layout-flow wp-block-column-is-layout-flow\" style=\"padding-right:var(--wp--preset--spacing--40);padding-bottom:var(--wp--preset--spacing--40);padding-left:var(--wp--preset--spacing--40);flex-basis:100%\">\n<h2 class=\"wp-block-heading has-luminous-vivid-orange-color has-text-color has-link-color wp-elements-c605dd1254dbc27b0881e1722b1d4b33\" style=\"font-size:3vh\">Championne de zone en gymnastique rythmique<\/h2>\n\n\n\n<p style=\"margin-top:1vh;margin-bottom:1vh;font-size:1.8vh\">F\u00e9licitations \u00e0 Mathilde qui est mont\u00e9e sur la premi\u00e8re marche du podium lors de la finale de la zone Ouest \u00e0 Saint-Brieuc le 25 avril.<\/p>\n<\/div>\n<\/div>\n\n\n\n<div class=\"wp-block-columns has-background is-content-justification-center is-nowrap is-layout-flex wp-container-core-columns-is-layout-cf6fb8bb wp-block-columns-is-layout-flex\" style=\"border-bottom-color:var(--wp--preset--color--luminous-vivid-orange);border-left-color:var(--wp--preset--color--luminous-vivid-orange);background-color:#046bd133;margin-top:0;margin-bottom:var(--wp--preset--spacing--50)\">\n<div class=\"wp-block-column is-layout-flow wp-block-column-is-layout-flow\" style=\"padding-right:var(--wp--preset--spacing--40);padding-bottom:var(--wp--preset--spacing--40);padding-left:var(--wp--preset--spacing--40);flex-basis:85%\">\n<h2 class=\"wp-block-heading has-luminous-vivid-orange-color has-text-color has-link-color wp-elements-69454dcdbf0f43bc9ad2b4aafd801333\" style=\"font-size:3vh\">Petite enfance<\/h2>\n\n\n\n<p style=\"margin-top:1vh;margin-bottom:1vh;font-size:1.8vh\">F\u00e9licitations \u00e0 C\u00e9cile et Marine qui ont obtenu leur certification Petite Enfance<\/p>\n<\/div>\n\n\n\n<div class=\"wp-block-column is-vertically-aligned-center is-layout-flow wp-block-column-is-layout-flow\" style=\"padding-right:var(--wp--preset--spacing--50);flex-basis:15%\">\n<figure class=\"wp-block-image aligncenter size-full\"><img loading=\"lazy\" decoding=\"async\" width=\"120\" height=\"76\" src=\"http:\/\/enfantsdecholet.fr\/wp-content\/uploads\/2025\/09\/archives_club_2009_2010_3.png\" alt=\"\" class=\"wp-image-2154\"\/><\/figure>\n<\/div>\n<\/div>\n\n\n\n<div class=\"wp-block-group alignwide has-background-color is-layout-flow wp-block-group-is-layout-flow\" style=\"margin-top:0;margin-bottom:0;padding-top:var(--wp--preset--spacing--50);padding-right:var(--wp--preset--spacing--30);padding-bottom:var(--wp--preset--spacing--50);padding-left:var(--wp--preset--spacing--30);font-size:2em\">\n<div class=\"wp-block-group has-border-color has-luminous-vivid-orange-border-color has-small-font-size is-content-justification-space-between is-layout-flex wp-container-core-group-is-layout-018c2fd6 wp-block-group-is-layout-flex\" style=\"min-height:0px;padding-top:0;padding-right:var(--wp--preset--spacing--20);padding-bottom:0;padding-left:var(--wp--preset--spacing--20)\">\n<p class=\"has-text-color\" style=\"color:#b1c900;padding-top:0rem;padding-right:0px;padding-bottom:0rem;padding-left:0px;font-size:1.8vh\">Pour nous contacter : <\/p>\n\n\n\n<p style=\"padding-top:0rem;padding-right:var(--wp--preset--spacing--20);padding-bottom:0rem;padding-left:var(--wp--preset--spacing--20);font-size:1.8vh\">Les Enfants de Cholet &#8211; 48, rue des Bons Enfants &#8211; 49300 CHOLET &#8211; T\u00e9l&nbsp;: 02 41 75 54 91 &#8211;   <\/p>\n\n\n\n<p class=\"wp-container-content-9cfa9a5a\" style=\"font-size:1.8vh\">Mail&nbsp;: <a href=\"mailto:enfcholetgym@free.fr\">enfcholetgym@free.fr<\/a><\/p>\n<\/div>\n<\/div>\n","protected":false},"excerpt":{"rendered":"<p>Une nouvelle pr\u00e9sidence pour le club Suite \u00e0 l&rsquo;assembl\u00e9e g\u00e9n\u00e9rale du Club du Mercredi 23 juin 2010 et \u00e0 la [&hellip;]<\/p>\n","protected":false},"author":1,"featured_media":0,"parent":0,"menu_order":0,"comment_status":"closed","ping_status":"closed","template":"","meta":{"_lmt_disableupdate":"","_lmt_disable":"yes","site-sidebar-layout":"no-sidebar","site-content-layout":"","ast-site-content-layout":"full-width-container","site-content-style":"default","site-sidebar-style":"default","ast-global-header-display":"","ast-banner-title-visibility":"","ast-main-header-display":"","ast-hfb-above-header-display":"","ast-hfb-below-header-display":"","ast-hfb-mobile-header-display":"","site-post-title":"disabled","ast-breadcrumbs-content":"","ast-featured-img":"","footer-sml-layout":"","ast-disable-related-posts":"","theme-transparent-header-meta":"","adv-header-id-meta":"","stick-header-meta":"","header-above-stick-meta":"","header-main-stick-meta":"","header-below-stick-meta":"","astra-migrate-meta-layouts":"default","ast-page-background-enabled":"default","ast-page-background-meta":{"desktop":{"background-color":"var(--ast-global-color-5)","background-image":"","background-repeat":"repeat","background-position":"center center","background-size":"auto","background-attachment":"scroll","background-type":"","background-media":"","overlay-type":"","overlay-color":"","overlay-opacity":"","overlay-gradient":""},"tablet":{"background-color":"","background-image":"","background-repeat":"repeat","background-position":"center center","background-size":"auto","background-attachment":"scroll","background-type":"","background-media":"","overlay-type":"","overlay-color":"","overlay-opacity":"","overlay-gradient":""},"mobile":{"background-color":"","background-image":"","background-repeat":"repeat","background-position":"center center","background-size":"auto","background-attachment":"scroll","background-type":"","background-media":"","overlay-type":"","overlay-color":"","overlay-opacity":"","overlay-gradient":""}},"ast-content-background-meta":{"desktop":{"background-color":"var(--ast-global-color-4)","background-image":"","background-repeat":"repeat","background-position":"center center","background-size":"auto","background-attachment":"scroll","background-type":"","background-media":"","overlay-type":"","overlay-color":"","overlay-opacity":"","overlay-gradient":""},"tablet":{"background-color":"var(--ast-global-color-4)","background-image":"","background-repeat":"repeat","background-position":"center center","background-size":"auto","background-attachment":"scroll","background-type":"","background-media":"","overlay-type":"","overlay-color":"","overlay-opacity":"","overlay-gradient":""},"mobile":{"background-color":"var(--ast-global-color-4)","background-image":"","background-repeat":"repeat","background-position":"center center","background-size":"auto","background-attachment":"scroll","background-type":"","background-media":"","overlay-type":"","overlay-color":"","overlay-opacity":"","overlay-gradient":""}},"footnotes":""},"class_list":["post-2150","page","type-page","status-publish","hentry"],"_links":{"self":[{"href":"https:\/\/enfantsdecholet.fr\/index.php\/wp-json\/wp\/v2\/pages\/2150","targetHints":{"allow":["GET"]}}],"collection":[{"href":"https:\/\/enfantsdecholet.fr\/index.php\/wp-json\/wp\/v2\/pages"}],"about":[{"href":"https:\/\/enfantsdecholet.fr\/index.php\/wp-json\/wp\/v2\/types\/page"}],"author":[{"embeddable":true,"href":"https:\/\/enfantsdecholet.fr\/index.php\/wp-json\/wp\/v2\/users\/1"}],"replies":[{"embeddable":true,"href":"https:\/\/enfantsdecholet.fr\/index.php\/wp-json\/wp\/v2\/comments?post=2150"}],"version-history":[{"count":6,"href":"https:\/\/enfantsdecholet.fr\/index.php\/wp-json\/wp\/v2\/pages\/2150\/revisions"}],"predecessor-version":[{"id":2498,"href":"https:\/\/enfantsdecholet.fr\/index.php\/wp-json\/wp\/v2\/pages\/2150\/revisions\/2498"}],"wp:attachment":[{"href":"https:\/\/enfantsdecholet.fr\/index.php\/wp-json\/wp\/v2\/media?parent=2150"}],"curies":[{"name":"wp","href":"https:\/\/api.w.org\/{rel}","templated":true}]}}